897 prime?
False
Is 5413295 a prime number?
False
Is 1771907 a composite number?
True
Is 16078967 a composite number?
False
Is 492967 a composite number?
False
Is 567629 a prime number?
False
Is 3061823 composite?
False
Is 21279493 a prime number?
True
Is 2005931 composite?
False
Is 1756311 prime?
False
Is 16623133 a prime number?
True
Is 1661111 composite?
False
Is 1432103 prime?
True
Is 679403 composite?
False
Is 25213031 a prime number?
True
Is 114192643 composite?
False
Is 172576633 composite?
True
Is 78569 composite?
False
Is 17109583 prime?
False
Is 1192549 composite?
False
Is 22376843 a composite number?
True
Is 61329127 a composite number?
True
Is 31361 a prime number?
False
Is 11263946 a composite number?
True
Is 2684741 composite?
True
Is 1194857 composite?
False
Is 704980687 composite?
False
Is 31572721 a prime number?
False
Is 124332397 prime?
False
Is 1983307 a prime number?
False
Is 157279997 a composite number?
True
Is 30768119 composite?
False
Is 10420499 a prime number?
True
Is 11094827 composite?
False
Is 132825146 a prime number?
False
Is 1622573 prime?
True
Is 24798433 prime?
False
Is 14559689 a prime number?
True
Is 43578359 a composite number?
True
Is 95791763 prime?
True
Is 1841759 composite?
False
Is 2204701 a composite number?
False
Is 8776073 prime?
False
Is 8273977 a composite number?
True
Is 62945269 prime?
False
Is 14616233 a prime number?
True
Is 515745407 a composite number?
False
Is 42099065 a prime number?
False
Is 305063659 a prime number?
False
Is 135322597 a prime number?
False
Is 577337 prime?
False
Is 89414851 composite?
True
Is 8387843 composite?
True
Is 168242 a composite number?
True
Is 119907429 composite?
True
Is 22387469 prime?
False
Is 6120991 prime?
False
Is 1532539 composite?
True
Is 3480301 a prime number?
False
Is 412859197 a prime number?
True
Is 87130931 a composite number?
True
Is 2449433 composite?
True
Is 35219603 a composite number?
False
Is 771967 composite?
True
Is 109830169 prime?
True
Is 10816367 a composite number?
True
Is 9467 a prime number?
True
Is 29231737 prime?
True
Is 1222937 a composite number?
True
Is 657911 prime?
True
Is 1423979 composite?
False
Is 277782119 a prime number?
True
Is 1412527 a composite number?
False
Is 618341 prime?
False
Is 6614534 composite?
True
Is 346151 a prime number?
False
Is 617633 prime?
False
Is 530629603 a prime number?
False
Is 31394005 composite?
True
Is 194346247 a composite number?
True
Is 2741314 a composite number?
True
Is 117051107 a prime number?
True
Is 18274271 a composite number?
True
Is 15102155 a prime number?
False
Is 179430389 a prime number?
False
Is 1728733 a composite number?
False
Is 1039667 a prime number?
True
Is 1192076657 a composite number?
False
Is 2364637 composite?
True
Is 372329261 a prime number?
False
Is 756198109 composite?
False
Is 38420219 a composite number?
True
Is 15569461 prime?
False
Is 3451397 prime?
False
Is 1269454 a prime number?
False
Is 28924867 prime?
False
Is 82261297 a composite number?
False
Is 257816477 composite?
True
Is 1649903 a composite number?
True
Is 7939673 a prime number?
False
Is 14541151 composite?
True
Is 7416499 a prime number?
True
Is 1290013 a prime number?
True
Is 173443921 composite?
True
Is 2174087 prime?
False
Is 43091453 a composite number?
True
Is 544585 prime?
False
Is 2870851 prime?
False
Is 674213 composite?
True
Is 59643971 a composite number?
True
Is 44043319 prime?
True
Is 1028473539 prime?
False
Is 142971854 a composite number?
True
Is 201296281 a prime number?
True
Is 235545551 composite?
False
Is 7393621 a composite number?
False
Is 14563357 a composite number?
False
Is 991693 a prime number?
True
Is 1899553 a composite number?
True
Is 64636211 prime?
False
Is 695072599 prime?
False
Is 4889 prime?
True
Is 21442511 prime?
False
Is 140541089 prime?
False
Is 1553969 a composite number?
True
Is 21624199 composite?
True
Is 9131729 a composite number?
True
Is 6763573 a composite number?
False
Is 242297309 a composite number?
False
Is 125905007 a composite number?
True
Is 2969767 prime?
True
Is 50218473 a prime number?
False
Is 7998593 composite?
False
Is 58575479 a composite number?
False
Is 289099 a composite number?
False
Is 1690327 a prime number?
False
Is 876149 composite?
False
Is 7315793 prime?
True
Is 2971597 prime?
True
Is 18742163 a prime number?
False
Is 439957733 composite?
False
Is 463713379 a prime number?
True
Is 17028727 composite?
False
Is 29770355 prime?
False
Is 8323643 a prime number?
True
Is 67021594 composite?
True
Is 13734559 a composite number?
False
Is 24707741 a composite number?
True
Is 16337617 a composite number?
False
Is 136463239 a composite number?
True
Is 5675627 composite?
True
Is 43022183 composite?
False
Is 50879863 composite?
False
Is 80677511 prime?
False
Is 2126591 composite?
True
Is 12954077 a composite number?
False
Is 6187427 composite?
False
Is 13823059 composite?
False
Is 46460071 prime?
False
Is 15570993 a prime number?
False
Is 35816531 a composite number?
True
Is 177489119 a composite number?
True
Is 570581117 a prime number?
True
Is 25206337 a composite number?
True
Is 16364917 a prime number?
False
Is 3794419 composite?
False
Is 6811213 prime?
True
Is 22123021 prime?
True
Is 17312983 a prime number?
True
Is 2864353 composite?
True
Is 11628497 a prime number?
True
Is 19935361 a composite number?
True
Is 775417 composite?
False
Is 24369911 a composite number?
False
Is 15115237 a composite number?
False
Is 12458057 a prime number?
True
Is 11028131 a prime number?
True
Is 2861849 prime?
True
Is 32396198 a prime number?
False
Is 88395191 a prime number?
True
Is 309587167 composite?
True
Is 1950959 a prime number?
True
Is 173469239 a composite number?
False
Is 22863017 a prime number?
True
Is 13948079 prime?
False
Is 108371 composite?
True
Is 499697 a composite number?
True
Is 557351 prime?
False
Is 4230467 composite?
True
Is 23927597 a prime number?
True
Is 24493681 composite?
False
Is 4142213 a composite number?
True
Is 21992401 a composite number?
False
Is 67043777 prime?
False
Is 105748583 a composite number?
False
Is 2441717 a composite number?
False
Is 101681 a prime number?
True
Is 6186029 composite?
False
Is 384800905 a composite number?
True
Is 6669463 a prime number?
True
Is 867676229 a prime number?
False
Is 289604317 composite?
True
Is 324391 prime?
True
Is 3708841 composite?
False
Is 8474087 a prime number?
False
Is 4368397 a composite number?
True
Is 10866293 a composite number?
True
Is 46291513 prime?
False
Is 28914113 composite?
False
Is 22784746 composite?
True
Is 79283953 composite?
True
Is 6718853 composite?
False
Is 35468917 composite?
True
Is 24935623 a prime number?
False
Is 710971 a prime number?
True
Is 19957737 a prime number?
False
Is 78609253 a composite number?
False
Is 282251 prime?
False
Is 7080923 prime?
True
Is 34624573 composite?
True
Is 1123349 a composite number?
False
Is 1905511 a composite number?
True
Is 17596862 prime?
False
Is 117379771 prime?
False
Is 346775557 a composite number?
True
Is 2570533 a composite number?
True
Is 15155359 prime?
True
Is 360551 composite?
False
Is 10033547 prime?
True
Is 250151329 prime?
True
Is 83655773 a prime number?
True
Is 165087134 composite?
True
Is 317687959 a prime number?
False
Is 1215287 a prime number?
False
Is 21159613 prime?
True
Is 114950218 a composite number?
True
Is 163551467 composite?
False
Is 15575785 a prime number?
False
Is 163353859 composite?
False
Is 57440653 composite?
False
Is 1747363 a prime number?
True
Is 422219 prime?
False
Is 60202481 a composite number?
False
Is 11957713 a composite number?
False
Is 4234847 prime?
False
Is 2710915 composite?
True
Is 9883109 composite?
True
Is 47771303 a prime number?
True
Is 5905 composite?
True
Is 628314443 prime?
True
Is 56114761 prime?
False
Is 2636173 composite?
True
Is 12828163 a composite number?
True
Is 2500213 a composite number?
False
Is 2949461 a prime number?
True
Is 10753837 composite?
True
Is 17573915 a prime number?
False
Is 16331227 a composite number?
True
Is 556633637 composite?
True
Is 472034 a prime number?
False
Is 38092987 composite?
True
Is 57239753 composite?
False
Is 34465469 a prime number?
True
Is 636205 a prime number?
False
Is 1224204841 composite?
False
Is 16203157 pr